{"id":44,"date":"2015-01-26T12:31:40","date_gmt":"2015-01-26T12:31:40","guid":{"rendered":"http:\/\/asesor.umh.es\/?page_id=44"},"modified":"2015-05-11T15:57:36","modified_gmt":"2015-05-11T15:57:36","slug":"ciencias-politicas-y-gestion-publica","status":"publish","type":"page","link":"https:\/\/asesor.umh.es\/en\/campus-de-orihuela-salesas\/facultad-de-ciencias-sociales-y-juridicas-de-orihuela\/ciencias-politicas-y-gestion-publica\/","title":{"rendered":"<span lang=\"es\">(Espa\u00f1ol) Grado en Ciencias Pol\u00edticas y Gesti\u00f3n P\u00fablica<\/span>"},"content":{"rendered":"<p class=\"qtranxs-available-languages-message qtranxs-available-languages-message-en\">Sorry, this entry is only available in <a href=\"https:\/\/asesor.umh.es\/es\/wp-json\/wp\/v2\/pages\/44\" class=\"qtranxs-available-language-link qtranxs-available-language-link-es\" title=\"Espa\u00f1ol\">European Spanish<\/a>.<\/p>","protected":false},"excerpt":{"rendered":"<p>Sorry, this entry is only available in European Spanish.<\/p>\n","protected":false},"author":1914,"featured_media":0,"parent":22,"menu_order":20,"comment_status":"closed","ping_status":"closed","template":"","meta":{"_links_to":"","_links_to_target":""},"_links":{"self":[{"href":"https:\/\/asesor.umh.es\/en\/wp-json\/wp\/v2\/pages\/44"}],"collection":[{"href":"https:\/\/asesor.umh.es\/en\/wp-json\/wp\/v2\/pages"}],"about":[{"href":"https:\/\/asesor.umh.es\/en\/wp-json\/wp\/v2\/types\/page"}],"author":[{"embeddable":true,"href":"https:\/\/asesor.umh.es\/en\/wp-json\/wp\/v2\/users\/1914"}],"replies":[{"embeddable":true,"href":"https:\/\/asesor.umh.es\/en\/wp-json\/wp\/v2\/comments?post=44"}],"version-history":[{"count":0,"href":"https:\/\/asesor.umh.es\/en\/wp-json\/wp\/v2\/pages\/44\/revisions"}],"up":[{"embeddable":true,"href":"https:\/\/asesor.umh.es\/en\/wp-json\/wp\/v2\/pages\/22"}],"wp:attachment":[{"href":"https:\/\/asesor.umh.es\/en\/wp-json\/wp\/v2\/media?parent=44"}],"curies":[{"name":"wp","href":"https:\/\/api.w.org\/{rel}","templated":true}]}}

<span lang="es">(Español) Grado en Ciencias Políticas y Gestión Pública</span>

<p class="qtranxs-available-languages-message qtranxs-available-languages-message-en">Sorry, this entry is only available in <a href="https://asesor.umh.es/es/wp-json/wp/v2/pages/44" class="qtranxs-available-language-link qtranxs-available-language-link-es" title="Español">European Spanish</a>.</p>
